s. Let r(d) = -d**3 + d**2 + d + 173. What is the tens digit of r(v)?
7
Let p(q) = 3*q**2 + 7*q - 1. Let r be p(-5). Let b = 42 - r. Suppose 4*w - 3*k + 101 = 319, -2*w = b*k - 118. What is the tens digit of w?
5
Suppose -73*s = -572671 - 55932. What is the thousands digit of s?
8
Let i = -45680 + 71643. What is the hundreds digit of i?
9
Let l(t) be the first derivative of 11*t**2/2 + 3*t + 3. Suppose g - 21 = -16. What is the units digit of l(g)?
8
Let u(s) = -18*s + 28. Let m be u(2). Let c = 28 + m. What is the units digit of c?
0
Let v = -249 - -131. Let c = v - -565. What is the hundreds digit of c?
4
Suppose 0 = 10*j - 249 - 4681. What is the tens digit of j?
9
Let b be 1 + (-14)/(-63) + (-16)/(-9). Let h(l) = 15*l - 9. Let k(o) = -30*o + 18. Let j(i) = b*k(i) + 5*h(i). What is the hundreds digit of j(-7)?
1
Let k(u) = -u**3 - 17*u**2 - 4*u - 22. Suppose -5*j = -0*j + 3*c + 91, 3*c = 4*j + 62. What is the tens digit of k(j)?
4
Suppose -r = 33 + 53. Suppose 0 = 8*c - 34*c + 728. What is the units digit of (c/8)/(-7)*r?
3
Suppose y - 35*m = -32*m + 13352, 0 = -3*m + 15. What is the hundreds digit of y?
3
Suppose 0 = -2*d - 148 + 158. Suppose w = z - 2*z + 552, 2750 = d*z + 3*w. What is the units digit of z?
7
Suppose 3*q - 3*s + 40 + 665 = 0, -q = 2*s + 226. Suppose 7*k - 32 = 2404. Let x = q + k. What is the units digit of x?
6
Suppose 0 = -261*q + 259*q + 41772. What is the units digit of q?
6
Suppose -4*n - 28 = 112. Let s = n + 44. What is the units digit of (-3)/(-2)*48/s?
8
Let n(a) = a**2 + 10*a + 2. Suppose -8*y = -y + 35. Let z be (-66)/4 - ((-5)/(-2))/y. What is the tens digit of n(z)?
9
Let l = 5580 + -3747. Let a = l - 1289. What is the hundreds digit of a?
5
Let m = 55 - 58. Let g be (4/(-14))/(m/21). Suppose -4*j = -l + 22 + 54, -g*j + 490 = 5*l. What is the tens digit of l?
9
Let n = -24 - -23. Let g be -3 + 3 - -2*(0 - n). Let y(h) = 4*h**2 + h + 1. What is the tens digit of y(g)?
1
Let b = -849 + 2622. What is the units digit of b?
3
Suppose 43*c = 38*c + 15. Suppose c*n = 3*j + 2*n - 7, 0 = -5*j + n + 13. Suppose 3*b + 2*p = -b + 670, j*b - p - 505 = 0. What is the units digit of b?
8
Let x = 5612 + -4746. What is the units digit of x?
6
What is the thousands digit of -37647*(-48)/216 - (-8 - (2 - 1))?
8
Let n(o) = -2*o**3 - 8*o**2 - 7*o. Suppose -3*i = 3*i + 36. Let k be n(i). Suppose -3*l + 114 = -k. What is the units digit of l?
0
Suppose -3*x - 3*p - 366 = 0, 2*x - 3*x + 3*p - 110 = 0. Let m = -185 - 112. Let w = x - m. What is the units digit of w?
8
Suppose 0 = -3*t - 3*l + 909, -5*l = -t - 10*l + 311. Suppose t*n - 320*n + 34124 = 0. What is the thousands digit of n?
1
What is the ten thousands digit of -21258*4*(690/(-45) - -15)?
2
Let y = 9 + -17. Let p(f) = 185 - 92 - 97 - 16*f. What is the hundreds digit of p(y)?
1
Suppose 12*y - 215086 = 278174. What is the thousands digit of y?
1
Let c be (3*5 - 0)/((-53)/848). Let b = 445 + c. What is the hundreds digit of b?
2
Suppose 5599*c - 5596*c - 1341 = 0. What is the units digit of c?
7
Suppose -4*z = -8*z + 64. Let d(u) = -3 + 15 - 16*u**2 + 9*u + u**3 + 0 - 1. What is the hundreds digit of d(z)?
1
Suppose 0*m - 8*m - 400 = 0. Let f = 419 + m. What is the hundreds digit of f?
3
Let p = -54 + 178. Let d = p - -81. Let r = d - 94. What is the hundreds digit of r?
1
Let u(l) = -97*l**3 + 5*l**2 + 26*l + 33. What is the tens digit of u(-4)?
1
Suppose -3 = -3*m - 39. Let n be 52/6 + m/(-36). Suppose -n*h = 3*h - 1368. What is the tens digit of h?
1
Suppose -4*i + 2632 = -4*t + 712, 0 = 2*i + 3*t - 955. Suppose -3*m - 2*o + 196 = -2*m, 0 = -4*o + 8. Suppose -m + i = 7*b. What is the tens digit of b?
4
Suppose x + 4*f + 8 = 0, 4*f - 3*f = -3*x - 2. What is the units digit of 3/21 - x - (-2421)/7?
6
Let y = -8862 + 29461. What is the hundreds digit of y?
5
Let g = -62894 + 93708. What is the hundreds digit of g?
8
Let d = -179 + 26433. What is the tens digit of d?
5
Let m(z) be the third derivative of z**6/60 - z**5/30 + z**4/6 - 5*z**3/3 + 3*z**2. Let v = -2200 + 2204. What is the hundreds digit of m(v)?
1
Suppose -9523 = -10*t + 3507. What is the units digit of t?
3
What is the hundreds digit of ((-15)/(-9) - 2) + 10145628/162?
6
Suppose 0 = -16*x + 164254 - 15134. What is the tens digit of x?
2
Let v = 194 - -279. Suppose -c - 73 = -v. What is the units digit of c?
0
Suppose q + 9 = 3*c + 1, 5*q - 12 = 2*c. Suppose -q*j - 2*j = -630. What is the hundreds digit of j?
1
Let n be -10 + (-407)/(-3) + (-1)/(-3). Suppose -15*w + 29*w = n. What is the units digit of w?
9
Let w = -87917 - -130839. What is the units digit of w?
2
Let v = 52 - 54. Let a be (v - (-339)/6)*-2 - 0. Let j = a + 153. What is the tens digit of j?
4
Let v = 10458 - 5611. What is the thousands digit of v?
4
Let z = 705 - 320. Suppose 0 = 3*q - 2*q - 6. Suppose -q*f - f = -z. What is the tens digit of f?
5
Let w(g) = 376*g**2. Suppose -5*n = -l - 0*n + 16, 0 = -l - n - 2. What is the units digit of w(l)?
6
Let d(j) = 33*j**3 + 38*j**2 - 35*j + 15. What is the units digit of d(6)?
1
Let v = -12047 - -39200. What is the ten thousands digit of v?
2
Let f(s) = 23*s + 21. Let w(d) = -d - 1. Let q(i) = -f(i) - 6*w(i). Let g be (1 + 8)/(9/(-6)). What is the units digit of q(g)?
7
Suppose -5983*s + 6005*s - 2574 = 0. What is the hundreds digit of s?
1
Suppose -2*h - 170 = -2*q, 4*q - q = -3*h - 255. Let v = h + 763. What is the units digit of v?
8
Suppose 13*x - 213537 = 17738 + 86016. What is the thousands digit of x?
4
Let l(y) = y**3 + 31*y**2 + 46*y - 106. What is the tens digit of l(-20)?
7
Suppose 5*v - 6*v - 4*s + 43669 = 0, -4*v - 4*s + 174724 = 0. What is the ten thousands digit of v?
4
Suppose -k + 3*k - 2 = 0. Suppose -1871 - 194 = 161*x - 133. What is the hundreds digit of ((-138)/(-10) + k)/(x/(-120))?
1
Let w = 7630 + -2620. What is the tens digit of w?
1
Suppose 6*o = 3 + 15. Suppose 0 = -o*r + 3 + 3, r - 42 = -4*m. What is the units digit of 14*5/m + 2/1?
9
What is the thousands digit of -55*4/((-28)/1981)?
5
Suppose 5*p = 9*p + 5*u, 2*p + 2*u = 0. Suppose 0 = 3*b - p*b - 12, b + 6241 = 5*i. What is the tens digit of i?
4
Suppose 2*g - 29 + 25 = 0. Suppose -5*q - 1293 = -2*z, -2950 = -3*z - g*q - 1001. What is the hundreds digit of z?
6
Let z be -1 - -6 - (12 + -11). Suppose -z*o + 147 = -825. What is the units digit of o?
3
Let c(i) = -i**3 - i**2 - 6. Let x be c(0). Let r be (x*2)/((-12)/(-7504)). What is the units digit of (-2)/13 + r/(-104)?
2
Suppose -645660 + 227455 = -110*t + 389195. What is the units digit of t?
0
Suppose 4*l - 246 = -2*l. Suppose 0 = 3*t - l + 23. Suppose -t*w + w + 31 = -2*v, -4*v = -3*w + 13. What is the units digit of w?
7
Let c(v) = 8*v. Let t(y) = -y**2 + 16*y + 1. Let j = -22 - -20. Let z(i) = j*t(i) + 5*c(i). What is the tens digit of z(-6)?
2
Let n(v) be the second derivative of v**5/20 + 5*v**4/3 + 35*v**3/6 + 39*v**2/2 - 116*v. What is the units digit of n(-17)?
1
Let f(w) = 672*w - 7350. What is the hundreds digit of f(81)?
0
Let g = -652 + 330. Let q(k) = -124*k - 119. Let f be q(-6). Let a = f + g. What is the tens digit of a?
0
What is the ten thousands digit of -4*(-365)/15*(-44229)/(-92)?
4
Suppose -2*h = -8, -4*l - h + 5*h + 14236 = 0. What is the hundreds digit of l?
5
Suppose 0 = q - 3, 355*q = 3*x + 357*q - 34278. What is the hundreds digit of x?
4
Suppose -15*r + 2*g = -10*r - 39592, 4*r = -g + 31658. What is the thousands digit of r?
7
Let z be (-606)/(-9) + 7 + 57/(-9). Suppose -z*k = -63*k - 1650. What is the tens digit of k?
3
Let d be 7/(-2)*(-32)/28. Suppose 1248 = -2*v - d*v. Let l = v + 302. What is the tens digit of l?
9
Suppose 0 = 4*m - 15291 - 12643 + 534. What is the hundreds digit of m?
8
Let j = 4650 + -2310. What is the hundreds digit of j?
3
Suppose -3*p - 2*x + 38 = 2*p, 2 = -p + 2*x. Suppose -5*v + p*w - w = -1880, 4*v - 1495 = w. Let h = v - 249. What is the hundreds digit of h?
1
Let s = -276 - -444. Let y = -77 + s. What is the tens digit of y?
9
Let i be ((-20)/8 - -2)*3*-2. Suppose 58*m + i = 59*m. Suppose -2*f + 150 = -2*o, -3*f - m*o + 4*o + 227 = 0. What is the tens digit of f?
7
Suppose -2*q + 157899 = -103*w + 102*w, -5*w = -3*q + 236859. What is the hundreds digit of q?
9
Let i(x) = x**3 + 9*x**2 - 14*x - 15. Let l b